{"id":754,"date":"2019-04-24T19:18:30","date_gmt":"2019-04-24T19:18:30","guid":{"rendered":"http:\/\/mritecnologia.com.br\/?page_id=754"},"modified":"2025-10-07T20:19:39","modified_gmt":"2025-10-07T20:19:39","slug":"assistencia-tecnica-em-informatica","status":"publish","type":"page","link":"https:\/\/mritecnologia.com.br\/?page_id=754","title":{"rendered":"Assist\u00eancia T\u00e9cnica em Inform\u00e1tica"},"content":{"rendered":"\n<p>Em nossa Assist\u00eancia T\u00e9cnica em Inform\u00e1tica, possu\u00edmos laborat\u00f3rio pr\u00f3prio com t\u00e9cnicos especializados e experientes em todas as marcas. Temos a melhor solu\u00e7\u00e3o para o seu problema.<br>Consertamos todos os tipos de defeitos em Notebook e Desktop, Monitores, Impressoras a Laser e a Jato de Tinta.<br><br><strong>Atentendemos toda a regi\u00e3o da Zona Norte (Freguesia do \u00f3, Pirituba, Lim\u00e3o, Santana, Casa Verde, Imirim, Cachoeirinha, Barra Funda, etc)<\/strong><br><\/p>\n\n\n\n<h2 class=\"wp-block-heading\"><strong>Alguns consertos que efetuamos:<\/strong><\/h2>\n\n\n\n<p>\u2022 Sistemas operacionais em Geral;<\/p>\n\n\n\n<p>\u2022 V\u00edrus e programas mal intencionados;<\/p>\n\n\n\n<p>\u2022 Upgrade de sistema operacional;<\/p>\n\n\n\n<p>\u2022 Upgrade de mem\u00f3ria Ram;<\/p>\n\n\n\n<p>\u2022 Upgrade de HD ou SSD;<\/p>\n\n\n\n<p>\u2022 Conserto de placa m\u00e3e;<\/p>\n\n\n\n<p>\u2022 Reballing de BGA;<\/p>\n\n\n\n<p>\u2022 Substitui\u00e7\u00e3o de C.I;<\/p>\n\n\n\n<p>\u2022 Substitui\u00e7\u00e3o de tela quebrada;<\/p>\n\n\n\n<p>\u2022 Troca de HD e SSD;<\/p>\n\n\n\n<p>\u2022 Troca de bateria;<\/p>\n\n\n\n<p>\u2022 Troca de placa wi-fi;<\/p>\n\n\n\n<p>\u2022 Troca de teclado;<\/p>\n\n\n\n<p>\u2022 Substitui\u00e7\u00e3o de mem\u00f3ria Ram;<\/p>\n\n\n\n<p>\u2022 Recupera\u00e7\u00e3o de dados;<\/p>\n\n\n\n<p>\u2022 Troca de conector dc jack;<\/p>\n\n\n\n<p>\u2022 Impressoras em geral;<br><\/p>\n\n\n\n<p><\/p>\n\n\n\n<p><\/p>\n","protected":false},"excerpt":{"rendered":"<p>Em nossa Assist\u00eancia T\u00e9cnica em Inform\u00e1tica, possu\u00edmos laborat\u00f3rio pr\u00f3prio com t\u00e9cnicos especializados e experientes em todas as marcas. Temos a melhor solu\u00e7\u00e3o para o seu problema.Consertamos todos os tipos de defeitos em Notebook e Desktop, Monitores, Impressoras a Laser e a Jato de Tinta. Atentendemos toda a regi\u00e3o da Zona Norte (Freguesia do \u00f3, Pirituba, Lim\u00e3o, Santana, Casa Verde, Imirim, Cachoeirinha, Barra Funda, etc) Alguns consertos que efetuamos: \u2022 Sistemas operacionais em Geral; \u2022 V\u00edrus e programas mal intencionados; \u2022 Upgrade de sistema operacional; \u2022 Upgrade de mem\u00f3ria Ram; \u2022 Upgrade de HD ou SSD; \u2022 Conserto de placa m\u00e3e; \u2022 Reballing de BGA; \u2022 Substitui\u00e7\u00e3o de C.I; \u2022 Substitui\u00e7\u00e3o de tela quebrada; \u2022 Troca de HD e SSD; \u2022 Troca de bateria; \u2022 Troca de placa wi-fi; \u2022 Troca de teclado; \u2022 Substitui\u00e7\u00e3o de mem\u00f3ria Ram; \u2022 Recupera\u00e7\u00e3o de dados; \u2022 Troca de conector dc jack; \u2022 Impressoras em geral;<\/p>\n","protected":false},"author":1,"featured_media":0,"parent":36,"menu_order":0,"comment_status":"closed","ping_status":"closed","template":"page_fullwidth.php","meta":{"om_disable_all_campaigns":false,"_uag_custom_page_level_css":"","_monsterinsights_skip_tracking":false,"_monsterinsights_sitenote_active":false,"_monsterinsights_sitenote_note":"","_monsterinsights_sitenote_category":0,"footnotes":""},"class_list":["post-754","page","type-page","status-publish","hentry"],"uagb_featured_image_src":{"full":false,"thumbnail":false,"medium":false,"medium_large":false,"large":false,"1536x1536":false,"2048x2048":false,"sweetheat-portfolio":false},"uagb_author_info":{"display_name":"MRI Tecnologia","author_link":"https:\/\/mritecnologia.com.br\/?author=1"},"uagb_comment_info":0,"uagb_excerpt":"Em nossa Assist\u00eancia T\u00e9cnica em Inform\u00e1tica, possu\u00edmos laborat\u00f3rio pr\u00f3prio com t\u00e9cnicos especializados e experientes em todas as marcas. Temos a melhor solu\u00e7\u00e3o para o seu problema.Consertamos todos os tipos de defeitos em Notebook e Desktop, Monitores, Impressoras a Laser e a Jato de Tinta. Atentendemos toda a regi\u00e3o da Zona Norte (Freguesia do \u00f3, Pirituba,&hellip;","_links":{"self":[{"href":"https:\/\/mritecnologia.com.br\/index.php?rest_route=\/wp\/v2\/pages\/754","targetHints":{"allow":["GET"]}}],"collection":[{"href":"https:\/\/mritecnologia.com.br\/index.php?rest_route=\/wp\/v2\/pages"}],"about":[{"href":"https:\/\/mritecnologia.com.br\/index.php?rest_route=\/wp\/v2\/types\/page"}],"author":[{"embeddable":true,"href":"https:\/\/mritecnologia.com.br\/index.php?rest_route=\/wp\/v2\/users\/1"}],"replies":[{"embeddable":true,"href":"https:\/\/mritecnologia.com.br\/index.php?rest_route=%2Fwp%2Fv2%2Fcomments&post=754"}],"version-history":[{"count":15,"href":"https:\/\/mritecnologia.com.br\/index.php?rest_route=\/wp\/v2\/pages\/754\/revisions"}],"predecessor-version":[{"id":1538,"href":"https:\/\/mritecnologia.com.br\/index.php?rest_route=\/wp\/v2\/pages\/754\/revisions\/1538"}],"up":[{"embeddable":true,"href":"https:\/\/mritecnologia.com.br\/index.php?rest_route=\/wp\/v2\/pages\/36"}],"wp:attachment":[{"href":"https:\/\/mritecnologia.com.br\/index.php?rest_route=%2Fwp%2Fv2%2Fmedia&parent=754"}],"curies":[{"name":"wp","href":"https:\/\/api.w.org\/{rel}","templated":true}]}}